{"id":22006,"date":"2023-11-30T11:03:01","date_gmt":"2023-11-30T11:03:01","guid":{"rendered":"https:\/\/yfer.es\/?post_type=avada_faq&#038;p=22006"},"modified":"2023-11-30T11:03:19","modified_gmt":"2023-11-30T11:03:19","slug":"puedo-registrarme-si-soy-un-particular","status":"publish","type":"avada_faq","link":"https:\/\/yfer.es\/index.php\/faq-items\/puedo-registrarme-si-soy-un-particular\/","title":{"rendered":"\u00bfPuedo registrarme si soy un particular?"},"content":{"rendered":"<p><strong>No pueden<\/strong> darse de alta particulares en YFER. S\u00f3lo pueden registrarse <strong>clientes profesionales que est\u00e9n dados de alta como empresas o aut\u00f3nomos<\/strong> oficialmente.<\/p>\n","protected":false},"excerpt":{"rendered":"<p>No pueden darse de alta particulares en YFER. S\u00f3lo pueden registrarse clientes profesionales que est\u00e9n dados de alta como empresas [&hellip;]<\/p>\n","protected":false},"author":3,"featured_media":0,"menu_order":0,"comment_status":"open","ping_status":"closed","template":"","format":"standard","meta":{"_acf_changed":false,"_joinchat":[],"footnotes":""},"faq_category":[252],"class_list":["post-22006","avada_faq","type-avada_faq","status-publish","format-standard","hentry","faq_category-acceso"],"acf":[],"yoast_head":"<!-- This site is optimized with the Yoast SEO plugin v24.8.1 - https:\/\/yoast.com\/wordpress\/plugins\/seo\/ -->\n<title>\u00bfPuedo registrarme si soy un particular? - yfer.es<\/title>\n<meta name=\"robots\" content=\"index, follow, max-snippet:-1, max-image-preview:large, max-video-preview:-1\" \/>\n<link rel=\"canonical\" href=\"https:\/\/yfer.es\/index.php\/faq-items\/puedo-registrarme-si-soy-un-particular\/\" \/>\n<meta property=\"og:locale\" content=\"es_ES\" \/>\n<meta property=\"og:type\" content=\"article\" \/>\n<meta property=\"og:title\" content=\"\u00bfPuedo registrarme si soy un particular? - yfer.es\" \/>\n<meta property=\"og:description\" content=\"No pueden darse de alta particulares en YFER. S\u00f3lo pueden registrarse clientes profesionales que est\u00e9n dados de alta como empresas [&hellip;]\" \/>\n<meta property=\"og:url\" content=\"https:\/\/yfer.es\/index.php\/faq-items\/puedo-registrarme-si-soy-un-particular\/\" \/>\n<meta property=\"og:site_name\" content=\"yfer.es\" \/>\n<meta property=\"article:modified_time\" content=\"2023-11-30T11:03:19+00:00\" \/>\n<meta name=\"twitter:card\" content=\"summary_large_image\" \/>\n<script type=\"application\/ld+json\" class=\"yoast-schema-graph\">{\"@context\":\"https:\/\/schema.org\",\"@graph\":[{\"@type\":\"WebPage\",\"@id\":\"https:\/\/yfer.es\/index.php\/faq-items\/puedo-registrarme-si-soy-un-particular\/\",\"url\":\"https:\/\/yfer.es\/index.php\/faq-items\/puedo-registrarme-si-soy-un-particular\/\",\"name\":\"\u00bfPuedo registrarme si soy un particular? - yfer.es\",\"isPartOf\":{\"@id\":\"https:\/\/yfer.es\/#website\"},\"datePublished\":\"2023-11-30T11:03:01+00:00\",\"dateModified\":\"2023-11-30T11:03:19+00:00\",\"breadcrumb\":{\"@id\":\"https:\/\/yfer.es\/index.php\/faq-items\/puedo-registrarme-si-soy-un-particular\/#breadcrumb\"},\"inLanguage\":\"es\",\"potentialAction\":[{\"@type\":\"ReadAction\",\"target\":[\"https:\/\/yfer.es\/index.php\/faq-items\/puedo-registrarme-si-soy-un-particular\/\"]}]},{\"@type\":\"BreadcrumbList\",\"@id\":\"https:\/\/yfer.es\/index.php\/faq-items\/puedo-registrarme-si-soy-un-particular\/#breadcrumb\",\"itemListElement\":[{\"@type\":\"ListItem\",\"position\":1,\"name\":\"Portada\",\"item\":\"https:\/\/yfer.es\/\"},{\"@type\":\"ListItem\",\"position\":2,\"name\":\"FAQs\",\"item\":\"https:\/\/yfer.es\/index.php\/faq-items\/\"},{\"@type\":\"ListItem\",\"position\":3,\"name\":\"\u00bfPuedo registrarme si soy un particular?\"}]},{\"@type\":\"WebSite\",\"@id\":\"https:\/\/yfer.es\/#website\",\"url\":\"https:\/\/yfer.es\/\",\"name\":\"yfer.es\",\"description\":\"La tienda del profesional del herraje\",\"publisher\":{\"@id\":\"https:\/\/yfer.es\/#organization\"},\"potentialAction\":[{\"@type\":\"SearchAction\",\"target\":{\"@type\":\"EntryPoint\",\"urlTemplate\":\"https:\/\/yfer.es\/?s={search_term_string}\"},\"query-input\":{\"@type\":\"PropertyValueSpecification\",\"valueRequired\":true,\"valueName\":\"search_term_string\"}}],\"inLanguage\":\"es\"},{\"@type\":\"Organization\",\"@id\":\"https:\/\/yfer.es\/#organization\",\"name\":\"Yfer\",\"url\":\"https:\/\/yfer.es\/\",\"logo\":{\"@type\":\"ImageObject\",\"inLanguage\":\"es\",\"@id\":\"https:\/\/yfer.es\/#\/schema\/logo\/image\/\",\"url\":\"https:\/\/yfer.es\/wp-content\/uploads\/2023\/04\/logos_header_80x80black.png\",\"contentUrl\":\"https:\/\/yfer.es\/wp-content\/uploads\/2023\/04\/logos_header_80x80black.png\",\"width\":80,\"height\":80,\"caption\":\"Yfer\"},\"image\":{\"@id\":\"https:\/\/yfer.es\/#\/schema\/logo\/image\/\"}}]}<\/script>\n<!-- \/ Yoast SEO plugin. -->","yoast_head_json":{"title":"\u00bfPuedo registrarme si soy un particular? - yfer.es","robots":{"index":"index","follow":"follow","max-snippet":"max-snippet:-1","max-image-preview":"max-image-preview:large","max-video-preview":"max-video-preview:-1"},"canonical":"https:\/\/yfer.es\/index.php\/faq-items\/puedo-registrarme-si-soy-un-particular\/","og_locale":"es_ES","og_type":"article","og_title":"\u00bfPuedo registrarme si soy un particular? - yfer.es","og_description":"No pueden darse de alta particulares en YFER. S\u00f3lo pueden registrarse clientes profesionales que est\u00e9n dados de alta como empresas [&hellip;]","og_url":"https:\/\/yfer.es\/index.php\/faq-items\/puedo-registrarme-si-soy-un-particular\/","og_site_name":"yfer.es","article_modified_time":"2023-11-30T11:03:19+00:00","twitter_card":"summary_large_image","schema":{"@context":"https:\/\/schema.org","@graph":[{"@type":"WebPage","@id":"https:\/\/yfer.es\/index.php\/faq-items\/puedo-registrarme-si-soy-un-particular\/","url":"https:\/\/yfer.es\/index.php\/faq-items\/puedo-registrarme-si-soy-un-particular\/","name":"\u00bfPuedo registrarme si soy un particular? - yfer.es","isPartOf":{"@id":"https:\/\/yfer.es\/#website"},"datePublished":"2023-11-30T11:03:01+00:00","dateModified":"2023-11-30T11:03:19+00:00","breadcrumb":{"@id":"https:\/\/yfer.es\/index.php\/faq-items\/puedo-registrarme-si-soy-un-particular\/#breadcrumb"},"inLanguage":"es","potentialAction":[{"@type":"ReadAction","target":["https:\/\/yfer.es\/index.php\/faq-items\/puedo-registrarme-si-soy-un-particular\/"]}]},{"@type":"BreadcrumbList","@id":"https:\/\/yfer.es\/index.php\/faq-items\/puedo-registrarme-si-soy-un-particular\/#breadcrumb","itemListElement":[{"@type":"ListItem","position":1,"name":"Portada","item":"https:\/\/yfer.es\/"},{"@type":"ListItem","position":2,"name":"FAQs","item":"https:\/\/yfer.es\/index.php\/faq-items\/"},{"@type":"ListItem","position":3,"name":"\u00bfPuedo registrarme si soy un particular?"}]},{"@type":"WebSite","@id":"https:\/\/yfer.es\/#website","url":"https:\/\/yfer.es\/","name":"yfer.es","description":"La tienda del profesional del herraje","publisher":{"@id":"https:\/\/yfer.es\/#organization"},"potentialAction":[{"@type":"SearchAction","target":{"@type":"EntryPoint","urlTemplate":"https:\/\/yfer.es\/?s={search_term_string}"},"query-input":{"@type":"PropertyValueSpecification","valueRequired":true,"valueName":"search_term_string"}}],"inLanguage":"es"},{"@type":"Organization","@id":"https:\/\/yfer.es\/#organization","name":"Yfer","url":"https:\/\/yfer.es\/","logo":{"@type":"ImageObject","inLanguage":"es","@id":"https:\/\/yfer.es\/#\/schema\/logo\/image\/","url":"https:\/\/yfer.es\/wp-content\/uploads\/2023\/04\/logos_header_80x80black.png","contentUrl":"https:\/\/yfer.es\/wp-content\/uploads\/2023\/04\/logos_header_80x80black.png","width":80,"height":80,"caption":"Yfer"},"image":{"@id":"https:\/\/yfer.es\/#\/schema\/logo\/image\/"}}]}},"jetpack_sharing_enabled":true,"_links":{"self":[{"href":"https:\/\/yfer.es\/index.php\/wp-json\/wp\/v2\/avada_faq\/22006","targetHints":{"allow":["GET"]}}],"collection":[{"href":"https:\/\/yfer.es\/index.php\/wp-json\/wp\/v2\/avada_faq"}],"about":[{"href":"https:\/\/yfer.es\/index.php\/wp-json\/wp\/v2\/types\/avada_faq"}],"author":[{"embeddable":true,"href":"https:\/\/yfer.es\/index.php\/wp-json\/wp\/v2\/users\/3"}],"replies":[{"embeddable":true,"href":"https:\/\/yfer.es\/index.php\/wp-json\/wp\/v2\/comments?post=22006"}],"version-history":[{"count":2,"href":"https:\/\/yfer.es\/index.php\/wp-json\/wp\/v2\/avada_faq\/22006\/revisions"}],"predecessor-version":[{"id":22008,"href":"https:\/\/yfer.es\/index.php\/wp-json\/wp\/v2\/avada_faq\/22006\/revisions\/22008"}],"wp:attachment":[{"href":"https:\/\/yfer.es\/index.php\/wp-json\/wp\/v2\/media?parent=22006"}],"wp:term":[{"taxonomy":"faq_category","embeddable":true,"href":"https:\/\/yfer.es\/index.php\/wp-json\/wp\/v2\/faq_category?post=22006"}],"curies":[{"name":"wp","href":"https:\/\/api.w.org\/{rel}","templated":true}]}}

<p><strong>No pueden</strong> darse de alta particulares en YFER. Sólo pueden registrarse <strong>clientes profesionales que estén dados de alta como empresas o autónomos</strong> oficialmente.</p>

<p>No pueden darse de alta particulares en YFER. Sólo pueden registrarse clientes profesionales que estén dados de alta como empresas [&hellip;]</p>

<!-- This site is optimized with the Yoast SEO plugin v24.8.1 - https://yoast.com/wordpress/plugins/seo/ -->
<title>¿Puedo registrarme si soy un particular? - yfer.es</title>
<meta name="robots" content="index, follow, max-snippet:-1, max-image-preview:large, max-video-preview:-1" />
<link rel="canonical" href="https://yfer.es/index.php/faq-items/puedo-registrarme-si-soy-un-particular/" />
<meta property="og:locale" content="es_ES" />
<meta property="og:type" content="article" />
<meta property="og:title" content="¿Puedo registrarme si soy un particular? - yfer.es" />
<meta property="og:description" content="No pueden darse de alta particulares en YFER. Sólo pueden registrarse clientes profesionales que estén dados de alta como empresas [&hellip;]" />
<meta property="og:url" content="https://yfer.es/index.php/faq-items/puedo-registrarme-si-soy-un-particular/" />
<meta property="og:site_name" content="yfer.es" />
<meta property="article:modified_time" content="2023-11-30T11:03:19+00:00" />
<meta name="twitter:card" content="summary_large_image" />
<script type="application/ld+json" class="yoast-schema-graph">{"@context":"https://schema.org","@graph":[{"@type":"WebPage","@id":"https://yfer.es/index.php/faq-items/puedo-registrarme-si-soy-un-particular/","url":"https://yfer.es/index.php/faq-items/puedo-registrarme-si-soy-un-particular/","name":"¿Puedo registrarme si soy un particular? - yfer.es","isPartOf":{"@id":"https://yfer.es/#website"},"datePublished":"2023-11-30T11:03:01+00:00","dateModified":"2023-11-30T11:03:19+00:00","breadcrumb":{"@id":"https://yfer.es/index.php/faq-items/puedo-registrarme-si-soy-un-particular/#breadcrumb"},"inLanguage":"es","potentialAction":[{"@type":"ReadAction","target":["https://yfer.es/index.php/faq-items/puedo-registrarme-si-soy-un-particular/"]}]},{"@type":"BreadcrumbList","@id":"https://yfer.es/index.php/faq-items/puedo-registrarme-si-soy-un-particular/#breadcrumb","itemListElement":[{"@type":"ListItem","position":1,"name":"Portada","item":"https://yfer.es/"},{"@type":"ListItem","position":2,"name":"FAQs","item":"https://yfer.es/index.php/faq-items/"},{"@type":"ListItem","position":3,"name":"¿Puedo registrarme si soy un particular?"}]},{"@type":"WebSite","@id":"https://yfer.es/#website","url":"https://yfer.es/","name":"yfer.es","description":"La tienda del profesional del herraje","publisher":{"@id":"https://yfer.es/#organization"},"potentialAction":[{"@type":"SearchAction","target":{"@type":"EntryPoint","urlTemplate":"https://yfer.es/?s={search_term_string}"},"query-input":{"@type":"PropertyValueSpecification","valueRequired":true,"valueName":"search_term_string"}}],"inLanguage":"es"},{"@type":"Organization","@id":"https://yfer.es/#organization","name":"Yfer","url":"https://yfer.es/","logo":{"@type":"ImageObject","inLanguage":"es","@id":"https://yfer.es/#/schema/logo/image/","url":"https://yfer.es/wp-content/uploads/2023/04/logos_header_80x80black.png","contentUrl":"https://yfer.es/wp-content/uploads/2023/04/logos_header_80x80black.png","width":80,"height":80,"caption":"Yfer"},"image":{"@id":"https://yfer.es/#/schema/logo/image/"}}]}</script>
<!-- / Yoast SEO plugin. -->

No pueden darse de alta particulares en YFER. Sólo pueden registrarse clientes profesionales que estén dados de alta como empresas [&hellip;]
