{"id":22015,"date":"2023-11-30T11:27:42","date_gmt":"2023-11-30T11:27:42","guid":{"rendered":"https:\/\/yfer.es\/?post_type=avada_faq&#038;p=22015"},"modified":"2023-11-30T11:28:23","modified_gmt":"2023-11-30T11:28:23","slug":"devolver-producto-a-medida-o-personalizado","status":"publish","type":"avada_faq","link":"https:\/\/yfer.es\/index.php\/faq-items\/devolver-producto-a-medida-o-personalizado\/","title":{"rendered":"\u00bfPuedo devolver un producto a medida o personalizado?"},"content":{"rendered":"<p><strong>Los art\u00edculos personalizados o a medida no pueden devolverse.<\/strong> Puede consultar nuestra pol\u00edtica de devoluciones en la secci\u00f3n de <a href=\"http:\/\/www.yfer.es\/terminos-condiciones\"><strong>T\u00e9rminos y condiciones generales<\/strong><\/a>.<\/p>\n","protected":false},"excerpt":{"rendered":"<p>Los art\u00edculos personalizados o a medida no pueden devolverse. Puede consultar nuestra pol\u00edtica de devoluciones en la secci\u00f3n de T\u00e9rminos [&hellip;]<\/p>\n","protected":false},"author":3,"featured_media":0,"menu_order":0,"comment_status":"open","ping_status":"closed","template":"","format":"standard","meta":{"_acf_changed":false,"_joinchat":[],"footnotes":""},"faq_category":[251],"class_list":["post-22015","avada_faq","type-avada_faq","status-publish","format-standard","hentry","faq_category-postventa"],"acf":[],"yoast_head":"<!-- This site is optimized with the Yoast SEO plugin v24.8.1 - https:\/\/yoast.com\/wordpress\/plugins\/seo\/ -->\n<title>\u00bfPuedo devolver un producto a medida o personalizado? - yfer.es<\/title>\n<meta name=\"robots\" content=\"index, follow, max-snippet:-1, max-image-preview:large, max-video-preview:-1\" \/>\n<link rel=\"canonical\" href=\"https:\/\/yfer.es\/index.php\/faq-items\/devolver-producto-a-medida-o-personalizado\/\" \/>\n<meta property=\"og:locale\" content=\"es_ES\" \/>\n<meta property=\"og:type\" content=\"article\" \/>\n<meta property=\"og:title\" content=\"\u00bfPuedo devolver un producto a medida o personalizado? - yfer.es\" \/>\n<meta property=\"og:description\" content=\"Los art\u00edculos personalizados o a medida no pueden devolverse. Puede consultar nuestra pol\u00edtica de devoluciones en la secci\u00f3n de T\u00e9rminos [&hellip;]\" \/>\n<meta property=\"og:url\" content=\"https:\/\/yfer.es\/index.php\/faq-items\/devolver-producto-a-medida-o-personalizado\/\" \/>\n<meta property=\"og:site_name\" content=\"yfer.es\" \/>\n<meta property=\"article:modified_time\" content=\"2023-11-30T11:28:23+00:00\" \/>\n<meta name=\"twitter:card\" content=\"summary_large_image\" \/>\n<script type=\"application\/ld+json\" class=\"yoast-schema-graph\">{\"@context\":\"https:\/\/schema.org\",\"@graph\":[{\"@type\":\"WebPage\",\"@id\":\"https:\/\/yfer.es\/index.php\/faq-items\/devolver-producto-a-medida-o-personalizado\/\",\"url\":\"https:\/\/yfer.es\/index.php\/faq-items\/devolver-producto-a-medida-o-personalizado\/\",\"name\":\"\u00bfPuedo devolver un producto a medida o personalizado? - yfer.es\",\"isPartOf\":{\"@id\":\"https:\/\/yfer.es\/#website\"},\"datePublished\":\"2023-11-30T11:27:42+00:00\",\"dateModified\":\"2023-11-30T11:28:23+00:00\",\"breadcrumb\":{\"@id\":\"https:\/\/yfer.es\/index.php\/faq-items\/devolver-producto-a-medida-o-personalizado\/#breadcrumb\"},\"inLanguage\":\"es\",\"potentialAction\":[{\"@type\":\"ReadAction\",\"target\":[\"https:\/\/yfer.es\/index.php\/faq-items\/devolver-producto-a-medida-o-personalizado\/\"]}]},{\"@type\":\"BreadcrumbList\",\"@id\":\"https:\/\/yfer.es\/index.php\/faq-items\/devolver-producto-a-medida-o-personalizado\/#breadcrumb\",\"itemListElement\":[{\"@type\":\"ListItem\",\"position\":1,\"name\":\"Portada\",\"item\":\"https:\/\/yfer.es\/\"},{\"@type\":\"ListItem\",\"position\":2,\"name\":\"FAQs\",\"item\":\"https:\/\/yfer.es\/index.php\/faq-items\/\"},{\"@type\":\"ListItem\",\"position\":3,\"name\":\"\u00bfPuedo devolver un producto a medida o personalizado?\"}]},{\"@type\":\"WebSite\",\"@id\":\"https:\/\/yfer.es\/#website\",\"url\":\"https:\/\/yfer.es\/\",\"name\":\"yfer.es\",\"description\":\"La tienda del profesional del herraje\",\"publisher\":{\"@id\":\"https:\/\/yfer.es\/#organization\"},\"potentialAction\":[{\"@type\":\"SearchAction\",\"target\":{\"@type\":\"EntryPoint\",\"urlTemplate\":\"https:\/\/yfer.es\/?s={search_term_string}\"},\"query-input\":{\"@type\":\"PropertyValueSpecification\",\"valueRequired\":true,\"valueName\":\"search_term_string\"}}],\"inLanguage\":\"es\"},{\"@type\":\"Organization\",\"@id\":\"https:\/\/yfer.es\/#organization\",\"name\":\"Yfer\",\"url\":\"https:\/\/yfer.es\/\",\"logo\":{\"@type\":\"ImageObject\",\"inLanguage\":\"es\",\"@id\":\"https:\/\/yfer.es\/#\/schema\/logo\/image\/\",\"url\":\"https:\/\/yfer.es\/wp-content\/uploads\/2023\/04\/logos_header_80x80black.png\",\"contentUrl\":\"https:\/\/yfer.es\/wp-content\/uploads\/2023\/04\/logos_header_80x80black.png\",\"width\":80,\"height\":80,\"caption\":\"Yfer\"},\"image\":{\"@id\":\"https:\/\/yfer.es\/#\/schema\/logo\/image\/\"}}]}<\/script>\n<!-- \/ Yoast SEO plugin. -->","yoast_head_json":{"title":"\u00bfPuedo devolver un producto a medida o personalizado? - yfer.es","robots":{"index":"index","follow":"follow","max-snippet":"max-snippet:-1","max-image-preview":"max-image-preview:large","max-video-preview":"max-video-preview:-1"},"canonical":"https:\/\/yfer.es\/index.php\/faq-items\/devolver-producto-a-medida-o-personalizado\/","og_locale":"es_ES","og_type":"article","og_title":"\u00bfPuedo devolver un producto a medida o personalizado? - yfer.es","og_description":"Los art\u00edculos personalizados o a medida no pueden devolverse. Puede consultar nuestra pol\u00edtica de devoluciones en la secci\u00f3n de T\u00e9rminos [&hellip;]","og_url":"https:\/\/yfer.es\/index.php\/faq-items\/devolver-producto-a-medida-o-personalizado\/","og_site_name":"yfer.es","article_modified_time":"2023-11-30T11:28:23+00:00","twitter_card":"summary_large_image","schema":{"@context":"https:\/\/schema.org","@graph":[{"@type":"WebPage","@id":"https:\/\/yfer.es\/index.php\/faq-items\/devolver-producto-a-medida-o-personalizado\/","url":"https:\/\/yfer.es\/index.php\/faq-items\/devolver-producto-a-medida-o-personalizado\/","name":"\u00bfPuedo devolver un producto a medida o personalizado? - yfer.es","isPartOf":{"@id":"https:\/\/yfer.es\/#website"},"datePublished":"2023-11-30T11:27:42+00:00","dateModified":"2023-11-30T11:28:23+00:00","breadcrumb":{"@id":"https:\/\/yfer.es\/index.php\/faq-items\/devolver-producto-a-medida-o-personalizado\/#breadcrumb"},"inLanguage":"es","potentialAction":[{"@type":"ReadAction","target":["https:\/\/yfer.es\/index.php\/faq-items\/devolver-producto-a-medida-o-personalizado\/"]}]},{"@type":"BreadcrumbList","@id":"https:\/\/yfer.es\/index.php\/faq-items\/devolver-producto-a-medida-o-personalizado\/#breadcrumb","itemListElement":[{"@type":"ListItem","position":1,"name":"Portada","item":"https:\/\/yfer.es\/"},{"@type":"ListItem","position":2,"name":"FAQs","item":"https:\/\/yfer.es\/index.php\/faq-items\/"},{"@type":"ListItem","position":3,"name":"\u00bfPuedo devolver un producto a medida o personalizado?"}]},{"@type":"WebSite","@id":"https:\/\/yfer.es\/#website","url":"https:\/\/yfer.es\/","name":"yfer.es","description":"La tienda del profesional del herraje","publisher":{"@id":"https:\/\/yfer.es\/#organization"},"potentialAction":[{"@type":"SearchAction","target":{"@type":"EntryPoint","urlTemplate":"https:\/\/yfer.es\/?s={search_term_string}"},"query-input":{"@type":"PropertyValueSpecification","valueRequired":true,"valueName":"search_term_string"}}],"inLanguage":"es"},{"@type":"Organization","@id":"https:\/\/yfer.es\/#organization","name":"Yfer","url":"https:\/\/yfer.es\/","logo":{"@type":"ImageObject","inLanguage":"es","@id":"https:\/\/yfer.es\/#\/schema\/logo\/image\/","url":"https:\/\/yfer.es\/wp-content\/uploads\/2023\/04\/logos_header_80x80black.png","contentUrl":"https:\/\/yfer.es\/wp-content\/uploads\/2023\/04\/logos_header_80x80black.png","width":80,"height":80,"caption":"Yfer"},"image":{"@id":"https:\/\/yfer.es\/#\/schema\/logo\/image\/"}}]}},"jetpack_sharing_enabled":true,"_links":{"self":[{"href":"https:\/\/yfer.es\/index.php\/wp-json\/wp\/v2\/avada_faq\/22015","targetHints":{"allow":["GET"]}}],"collection":[{"href":"https:\/\/yfer.es\/index.php\/wp-json\/wp\/v2\/avada_faq"}],"about":[{"href":"https:\/\/yfer.es\/index.php\/wp-json\/wp\/v2\/types\/avada_faq"}],"author":[{"embeddable":true,"href":"https:\/\/yfer.es\/index.php\/wp-json\/wp\/v2\/users\/3"}],"replies":[{"embeddable":true,"href":"https:\/\/yfer.es\/index.php\/wp-json\/wp\/v2\/comments?post=22015"}],"version-history":[{"count":1,"href":"https:\/\/yfer.es\/index.php\/wp-json\/wp\/v2\/avada_faq\/22015\/revisions"}],"predecessor-version":[{"id":22016,"href":"https:\/\/yfer.es\/index.php\/wp-json\/wp\/v2\/avada_faq\/22015\/revisions\/22016"}],"wp:attachment":[{"href":"https:\/\/yfer.es\/index.php\/wp-json\/wp\/v2\/media?parent=22015"}],"wp:term":[{"taxonomy":"faq_category","embeddable":true,"href":"https:\/\/yfer.es\/index.php\/wp-json\/wp\/v2\/faq_category?post=22015"}],"curies":[{"name":"wp","href":"https:\/\/api.w.org\/{rel}","templated":true}]}}

<p><strong>Los artículos personalizados o a medida no pueden devolverse.</strong> Puede consultar nuestra política de devoluciones en la sección de <a href="http://www.yfer.es/terminos-condiciones"><strong>Términos y condiciones generales</strong></a>.</p>

<p>Los artículos personalizados o a medida no pueden devolverse. Puede consultar nuestra política de devoluciones en la sección de Términos [&hellip;]</p>

<!-- This site is optimized with the Yoast SEO plugin v24.8.1 - https://yoast.com/wordpress/plugins/seo/ -->
<title>¿Puedo devolver un producto a medida o personalizado? - yfer.es</title>
<meta name="robots" content="index, follow, max-snippet:-1, max-image-preview:large, max-video-preview:-1" />
<link rel="canonical" href="https://yfer.es/index.php/faq-items/devolver-producto-a-medida-o-personalizado/" />
<meta property="og:locale" content="es_ES" />
<meta property="og:type" content="article" />
<meta property="og:title" content="¿Puedo devolver un producto a medida o personalizado? - yfer.es" />
<meta property="og:description" content="Los artículos personalizados o a medida no pueden devolverse. Puede consultar nuestra política de devoluciones en la sección de Términos [&hellip;]" />
<meta property="og:url" content="https://yfer.es/index.php/faq-items/devolver-producto-a-medida-o-personalizado/" />
<meta property="og:site_name" content="yfer.es" />
<meta property="article:modified_time" content="2023-11-30T11:28:23+00:00" />
<meta name="twitter:card" content="summary_large_image" />
<script type="application/ld+json" class="yoast-schema-graph">{"@context":"https://schema.org","@graph":[{"@type":"WebPage","@id":"https://yfer.es/index.php/faq-items/devolver-producto-a-medida-o-personalizado/","url":"https://yfer.es/index.php/faq-items/devolver-producto-a-medida-o-personalizado/","name":"¿Puedo devolver un producto a medida o personalizado? - yfer.es","isPartOf":{"@id":"https://yfer.es/#website"},"datePublished":"2023-11-30T11:27:42+00:00","dateModified":"2023-11-30T11:28:23+00:00","breadcrumb":{"@id":"https://yfer.es/index.php/faq-items/devolver-producto-a-medida-o-personalizado/#breadcrumb"},"inLanguage":"es","potentialAction":[{"@type":"ReadAction","target":["https://yfer.es/index.php/faq-items/devolver-producto-a-medida-o-personalizado/"]}]},{"@type":"BreadcrumbList","@id":"https://yfer.es/index.php/faq-items/devolver-producto-a-medida-o-personalizado/#breadcrumb","itemListElement":[{"@type":"ListItem","position":1,"name":"Portada","item":"https://yfer.es/"},{"@type":"ListItem","position":2,"name":"FAQs","item":"https://yfer.es/index.php/faq-items/"},{"@type":"ListItem","position":3,"name":"¿Puedo devolver un producto a medida o personalizado?"}]},{"@type":"WebSite","@id":"https://yfer.es/#website","url":"https://yfer.es/","name":"yfer.es","description":"La tienda del profesional del herraje","publisher":{"@id":"https://yfer.es/#organization"},"potentialAction":[{"@type":"SearchAction","target":{"@type":"EntryPoint","urlTemplate":"https://yfer.es/?s={search_term_string}"},"query-input":{"@type":"PropertyValueSpecification","valueRequired":true,"valueName":"search_term_string"}}],"inLanguage":"es"},{"@type":"Organization","@id":"https://yfer.es/#organization","name":"Yfer","url":"https://yfer.es/","logo":{"@type":"ImageObject","inLanguage":"es","@id":"https://yfer.es/#/schema/logo/image/","url":"https://yfer.es/wp-content/uploads/2023/04/logos_header_80x80black.png","contentUrl":"https://yfer.es/wp-content/uploads/2023/04/logos_header_80x80black.png","width":80,"height":80,"caption":"Yfer"},"image":{"@id":"https://yfer.es/#/schema/logo/image/"}}]}</script>
<!-- / Yoast SEO plugin. -->

Los artículos personalizados o a medida no pueden devolverse. Puede consultar nuestra política de devoluciones en la sección de Términos [&hellip;]
